(base 2) to base 3
-212000
-131312 (base 4) to base 12
-1132
Convert -5a34 (base 11) to base 13.
-379b
Convert 5768 (base 10) to base 8.
13210
Convert 17d6 (base 16) to base 15.
1c1c
Convert -14530 (base 6) to base 5.
-33413
Convert 12330 (base 5) to base 11.
7a8
2101121122 (base 3) to base 16
b801
103211 (base 5) to base 13
1807
What is -21503 (base 10) in base 12?
-1053b
Convert 359 (base 15) to base 14.
3c3
Convert -1240 (base 5) to base 15.
-d0
-25666 (base 8) to base 12
-6586
112c (base 13) to base 5
34104
Convert -252616 (base 7) to base 14.
-12db6
What is 982 (base 16) in base 9?
3304
What is -1a981 (base 12) in base 15?
-ba24
Convert -798 (base 10) to base 3.
-1002120
What is 145145 (base 7) in base 6?
334332
What is -82076 (base 9) in base 14?
-15983
-1744 (base 13) to base 5
-102221
Convert 164bc (base 14) to base 2.
1101101000010110
1656 (base 10) to base 14
864
What is -135063 (base 8) in base 10?
-47667
What is -8675 (base 9) in base 14?
-2482
-325 (base 7) to base 16
-a6
What is -4047 (base 8) in base 9?
-2768
Convert 22269 (base 10) to base 4.
11123331
Convert 2353 (base 14) to base 4.
1200011
-212 (base 4) to base 15
-28
What is -16a8 (base 12) in base 8?
-5240
Convert -12579 (base 13) to base 5.
-2041100
-1765 (base 9) to base 4
-111023
Convert -7ac (base 15) to base 2.
-11011001001
-1001111100010 (base 2) to base 5
-130330
What is -1121221 (base 3) in base 14?
-60a
What is 111001010 (base 2) in base 10?
458
Convert -26ed (base 15) to base 11.
-6287
What is a46 (base 11) in base 16?
4ec
121245 (base 6) to base 12
6225
b2 (base 14) to base 10
156
Convert -8c (base 14) to base 6.
-324
Convert 25e7 (base 15) to base 9.
12081
10112 (base 5) to base 7
1626
What is -111123 (base 4) in base 11?
-1037
What is 88848 (base 9) in base 11?
40378
What is 303241 (base 6) in base 12?
11b21
What is -126521 (base 7) in base 10?
-23927
What is 165 (base 16) in base 5?
2412
34733 (base 8) to base 11
10145
Convert 66a (base 11) to base 9.
1081
What is 44000 (base 6) in base 5?
143143
What is 1303 (base 5) in base 11?
175
What is -11001 (base 4) in base 8?
-501
580 (base 12) to base 9
1106
Convert -6b5b (base 15) to base 14.
-8455
What is -111 (base 16) in base 10?
-273
What is -415 (base 8) in base 2?
-100001101
What is 100101111000 (base 2) in base 8?
4570
Convert 55732 (base 9) to base 2.
1001000010110110
Convert -102322 (base 5) to base 12.
-2006
605 (base 12) to base 14
461
What is -63620 (base 7) in base 4?
-3311333
Convert 24c (base 14) to base 6.
2044
What is -703 (base 10) in base 7?
-2023
What is a9c (base 13) in base 6?
12231
-821 (base 14) to base 3
-2012011
Convert -1302 (base 6) to base 7.
-644
Convert 3537 (base 8) to base 13.
b22
What is -14235 (base 6) in base 13?
-1046
Convert 47c (base 15) to base 6.
4413
What is b80 (base 13) in base 12?
1177
Convert -10a (base 15) to base 6.
-1031
-336d (base 16) to base 6
-140541
What is -7734 (base 8) in base 10?
-4060
10164 (base 7) to base 13
11a0
2044 (base 5) to base 7
541
Convert 5282 (base 9) to base 7.
14213
Convert 550513 (base 6) to base 3.
2022111000
What is -910 (base 16) in base 13?
-1096
What is 10010111010101 (base 2) in base 15?
2d0a
Convert 6c0 (base 14) to base 15.
5e9
Convert 342 (base 6) to base 14.
98
What is -12301 (base 5) in base 15?
-436
What is 525 (base 8) in base 14?
1a5
What is c16 (base 14) in base 6?
14552
185 (base 13) to base 10
278
Convert -1104204 (base 5) to base 11.
-1355a
Convert -81b (base 15) to base 8.
-3442
Convert -331131 (base 5) to base 12.
-6734
-810 (base 9) to base 10
-657
-12023 (base 6) to base 4
-123033
Convert 11375 (base 9) to base 8.
16661
110110010001 (base 2) to base 15
1068
Convert -62563 (base 10) to base 13.
-22627
-1000344 (base 5) to base 14
-5a32
322 (base 11) to base 7
1062
-2223013 (base 5) to base 13
-14a73
-1102 (base 16) to base 7
-15460
What is 235a (base 12) in base 4?
331312
What is 362 (base 14) in base 6?
3042
-1143 (base 8) to base 6
-2455
-3011 (base 5) to base 8
-575
What is 12330 (base 7) in base 16?
cb7
Convert -880 (base 12) to base 9.
-1636
1624 (base 7) to base 4
22033
Convert -6645 (base 11) to base 14.
-329b
Convert -291 (base 16) to base 2.
-1010010001
-133 (base 15) to base 3
-101010
What is -343 (base 9) in base 13?
-189
What is 1100000100000101 (base 2) in base 4?
30010011
What is 16377 (base 8) in base 13?
34c0
9d5 (base 14) to base 9
2607
454 (base 10) to base 7
1216
-126 (base 8) to base 11
-79
44 (base 6) to base 2
11100
6a2 (base 12) to base 8
1732
Convert -611 (base 7) to base 3.
-102012
10666 (base 7) to base 13
1330
154 (base 9) to base 2
10000010
What is -503 (base 8) in base 6?
-1255
-678 (base 10) to base 6
-3050
Convert 17d8 (base 14) to base 15.
1421
101001222 (base 3) to base 10
7343
-231203 (base 6) to base 10
-19731
What is 676 (base 10) in base 9?
831
-13113 (base 10) to base 12
-7709
Convert 9dc5 (base 14) to base 11.
19665
Convert -44533 (base 11) to base 7.
-356063
Convert -110001100000 (base 2) to base 14.
-1224
What is 13 (base 5) in base 3?
22
Convert 403 (base 15) to base 10.
903
What is 11e8b (base 16) in base 15?
16b05
Convert 1002221102 (base 3) to base 14.
7d51
-275a (base 16) to base 10
-10074
1640 (base 10) to base 15
745
Convert 11621 (base 8) to base 13.
2384
12713 (base 10) to base 12
7435
What is -311203 (base 7) in base 12?
-269aa
What is 4a28 (base 11) in base 14?
256c
What is -120444 (base 5) in base 12?
-272b
Convert 1011000001 (base 2) to base 12.
4a9
Convert -220 (base 12) to base 8.
-470
Convert 21203 (base 4) to base 5.
4421
-110110022 (base 3) to base 13
-4196
What is -1554 (base 11) in base 14?
-a27
What is -9c6 (base 15) in base 4?
-202203
-1034314 (base 5) to base 3
-220210210
578 (base 10) to base 11
486
What is -2410 (base 16) in base 2?
-10010000010000
1528 (base 9) to base 2
10010001000
What is 25452 (base 7) in base 2?
1101001011110
Convert 1000100111001011 (base 2) to base 16.
89cb
What is 115c1 (base 15) in base 5?
3232211
Convert -3417 (base 9) to base 6.
-15411
-1a638 (base 12) to base 5
-2221144
What is 1b3 (base 12) in base 4?
10113
10304 (base 5) to base 14
384
-3731 (base 8) to base 15
-8de
Convert 4027 (base 13) to base 2.
10001001110101
88825 (base 9) to base 6
1133035
-44707 (base 9) to base 4
-13100212
Convert 101100110011110 (base 2) to base 4.
11212132
Convert 30002133 (base 4) to base 13.
195a2
Convert cc36 (base 13) to base 15.
865c
1124400 (base 5) to base 8
50170
What is -648 (base 14) in base 15?
-57a
3ab (base 15) to base 3
1010222
26a (base 14) to base 4
13212
Convert 2443 (base 14) to base 16.
18bb
341 (base 11) to base 7
1122
Convert -74474 (base 8) to base 5.
-1443121
740 (base 8) to base 11
3a7
Convert 571c (base 16) to base 10.
22300
What is -141116 (base 7) in base 2?
-110100011000000
What is 65111 (base 7) in base 11?
11178
20210 (base 6) to base 14
d8a
110110 (base 2) to base 5
204
1102 (base 7) to base 5
3034
What is -141403 (base 5) in base 6?
-43033
420255 (base 6) to base 2
1000010000001011
3c0 (base 14) to base 9
1030
What is -11173 (base 11) in base 6?
-202513
1062a (base 11) to base 7
62616
What is -10110102 (base 3) in base 13?
-11c0
What is -8b3 (base 14) in base 16?
-6bd
1797 (base 11) to base 4
203230
Convert 5a4 (base 14) to base 2.
10001100100
Convert -55310 (base 6) to base 12.
-4536
Convert -1000101101001 (base 2) to base 7.
-15665
Convert -943 (base 12) to base 2.
-10101000011
What is ab (base 12) in base 15?
8b
What is -2111020 (base 3) in base 6?
-12223
What is 468 (base 10) in base 14?
256
Convert -dd (base 14) to base 11.
-168
Convert 2011211 (base 3) to base 8.
3064
-1110 (base 6) to base 15
-123
Convert 3c1 (base 15) to base 9.
1151
-13100103 (base 4) to base 16
-7413
Convert -121 (base 5) to base 2.
-100100
Convert 256 (base 7) to base 2.
10001011
Convert -3033 (base 8) to base 6.
-11123
-10544 (base 8) to base 5
-120302
Convert 1001110110110000 (base 2) to base 6.
510520
Convert -10111111 (base 2) to base 6.
-515
-753 (base 13) to base 16
-4e3
54a3 (base 13) to base 14
4426
What is 12385 (base 10) in base 16?
3061
Convert 1223 (base 9) to base 11.
75a
What is 17 (base 10) in base 13?
14
What is -c88 (base 14) in base 6?
-15240
What is 541 (base 16) in base 4?
111001
Convert 33554 (base 6) to base 3.
2